- 22))
8
Calculate 6 - -28 - 33 - 8.
-7
What is the value of 1 + 4 + (-15 + 15 + 5 - 10)?
0
Calculate -18 + (-7 + 10 - 0).
-15
What is the value of 6 - (-5 + 4 + (0 - -7)) - -3?
3
What is 16 + (14 + 0 - (-178 + 197))?
11
Evaluate 16 + (-3 - 26) - (-4 + (0 - 0)).
-9
7 - -2 - (17 - 5 - 27 - -8)
16
Evaluate 6 - 3 - (-7 + (12 - (2 - 0))).
0
What is the value of -29 - -25 - (0 + -1)?
-3
1 - 24 - (-364 - -314)
27
Calculate 5 - (0 + 28 + -14).
-9
Evaluate -6 - (5 + -12) - -8.
9
What is 16 + -13 + -19 + 10 + 29?
23
-8 + -12 + 1 + -13 + -24 + 26
-30
Evaluate (2 + -9 - -10) + -31 + 41.
13
What is the value of 38 + -33 + 11 + -24?
-8
What is the value of (7 - 2 - (6 + 5)) + (29 - 4)?
19
Evaluate (4 - 14) + -2 - (9 + (20 - 25)).
-16
What is 1 + (6 + (4 - 6) - -3)?
8
What is the value of -23 + 38 - (-1 + -1 - (-4 - -3))?
16
Calculate 61 + 2 + (-245 - -219).
37
What is 33 - 31 - (-3 + 10)?
-5
Evaluate 4 + (-1 - (-8 - -5) - (7 + 2)).
-3
12 + -8 + (-2 - 2) - (6 + -22)
16
Calculate -6 - ((-3 - 0) + (-4 - 16) - -7).
10
What is the value of -116 - -120 - (-3 - (-1 + 0) - -3)?
3
Calculate -18 - 8 - (-17 + 4) - -10.
-3
Calculate -6 + 1 - (-4 + 18 + -12).
-7
Calculate -9 - (-14 - -1) - -5.
9
Evaluate -19 + -4 + 4 + (21 - 25).
-23
Evaluate 3 + 1 + -25 + 7 + (1 - -15).
2
Calculate -9 + 1 + (-19 - -15 - (-3 - 2)).
-7
What is the value of 11 + 12 - (14 - 3) - 23?
-11
8 - (-19 - (-22 + 3))
8
What is the value of 29 - (-7 + 34 + -11)?
13
Evaluate -43 + (-1 - (-17 - 10)).
-17
Calculate (39 - 31 - (2 - -10)) + 23.
19
Calculate (2 - 2 - -2) + 40 + -16.
26
Calculate (-1 + 4 + -2 - (-21 - -17)) + 4.
9
What is -9 + (-7 - -24) + -1 + -37 - -8?
-22
(0 - 4) + (-27 - -2) + 5 + 10
-14
What is the value of (-6 - (2 + -3 + -3)) + 0?
-2
What is the value of -6 + 10 - (24 + -26)?
6
What is the value of (-9 + 4 - -4) + -8 - 3?
-12
What is the value of (5 + -9 - -5) + (127 - 149)?
-21
14 + -5 + (6 - 8) - -4
11
Evaluate 0 - (-5 - (-11 + 13 + 7 + -20)).
-6
Calculate 5 - ((62 - 71) + 11 + 1 + -4).
6
4 + -1 + -47 + 53 + (-3 - 22)
-16
Calculate 3 - (4 - 1 - 13 - -7).
6
What is -37 - (39 - (14 + 23))?
-39
Evaluate 12 - (-9 + 8 + 28) - -10.
-5
Evaluate 40 + -3 + (-154 - -143).
26
What is (-4 - 0) + 1 + (-36 - (45 - 83))?
-1
-33 + (138 - 129) + (-2 - 1)
-27
What is (0 + 1 - 10) + (-15 - (-15 - -7))?
-16
What is -9 + 17 - (64 - 85)?
29
What is (-32 - 2) + 58 + -50?
-26
(-11 - (-4 - (-1 - 1))) + (238 - 234)
-5
31 - (-6 - -25) - 19
-7
What is the value of 12 + -43 - -14 - -31?
14
Evaluate 0 - (7 - ((-11 - -14) + 2)).
-2
What is the value of -16 - ((45 - 14) + -56)?
9
What is the value of -3 - 9 - (2 - -4)?
-18
What is the value of -9 + (-6 - (-6 + 3 + -4) - -1)?
-7
What is 11 + (-3 + (10 - 10) - -2) + -1?
9
((32 - 23) + 17 - 29) + (1 - 28)
-30
Calculate (5 - 2) + (1 + -5 + 1 - 0).
0
What is the value of -2 + -1 - (-1 + 1 + -13 + 10)?
0
What is the value of (-10 - -6 - -6) + -8 + 16?
10
Evaluate 6 + (2 - (-4 - -3)) - (-3 - 3).
15
What is the value of -21 + (-5 + 10 - (0 + -2))?
-14
Evaluate -12 + 2 - -5 - -4 - (24 + -18).
-7
What is -15 - (19 - (12 + 37))?
15
(0 - (2 + -12)) + -29 + 25 - 14
-8
What is the value of -1 + (-3 - -8) + 1 - -6?
11
7 - -25 - (14 + -6) - 8
16
Calculate -10 + (-7 - (-1 - 4) - 11) + 4.
-19
Evaluate 6 - 13 - (-2 + (3 - (4 + 0))).
-4
(11 + -23 - -10) + 9 - -8
15
Evaluate 21 + (3 - -2 - 8) + -9.
9
Calculate -17 - (-132 + 132 + (-6 - (0 + -1))).
-12
2 + 30 + -18 - -9
23
What is 2 + -13 + 105 + -102?
-8
What is 4 + (-13 + 11 - 4)?
-2
What is (-24 - (-46 + 22)) + -2?
-2
Evaluate (-6 - -4 - -5) + 3 - 9.
-3
Calculate 1 - (-31 + 14 - -21).
-3
What is the value of 0 + 19 + -33 - -35?
21
13 + (14 - 3 - 17) + -7
0
39 + -39 - (0 - -11) - -10
-1
0 + 5 + (17 - 23) + (0 - 0)
-1
Calculate 14 - (37 + (4 - 16)).
-11
Calculate 5 + -4 + -1 + 0 + (-35 - -26).
-9
What is -7 - -19 - 24 - 6?
-18
What is the value of 13 - (14 - (34 + -22))?
11
What is the value of -2 + -2 - (7 + 0 + (-109 - -90))?
8
Evaluate (3 - 8) + -2 + (-6 - -4) + 6.
-3
Calculate 65 - 67 - (-3 - 1 - -3 - -10).
-11
1 - (-27 + 7 + 3)
18
What is the value of (-2 - (1 - -4) - (-76 - -67)) + 4?
6
Calculate (-12 + 8 - 3) + 9 - -9.
11
-18 + -4 + 10 + (-11 - -4) + 6
-13
Evaluate -31 + -10 + 76 - 66.
-31
Calculate -6 - 3 - (-2 - (3 - 2)) - 9.
-15
What is 7 + (-4 - (-12 - (-6 - 6)))?
3
10 - 15 - (1 + 1) - -19
12
Evaluate -4 - (15 + -10 + -17).
8
Calculate 6 - (7 - -5) - -2.
-4
What is 3 + 22 - (33 - 27)?
19
What is (-7 - ((1 - 4) + 0)) + -9 + 9?
-4
Evaluate -14 + -4 + 0 + 14.
-4
-6 + 15 + -35 + -1 + 2 - 4
-29
What is (-25 - (10 + -26)) + -3?
-12
Calculate -6 + -1 - -6 - -8.
7
Evaluate (-1 - -27) + -10 - 13.
3
Calculate 11 + (-6 - 9) - -2.
-2
160 + -126 - (3 + 11)
20
Calculate -177 + 162 - (-1 + -3).
-11
Evaluate -3 + 1 + -3 + (-8 - -10).
-3
What is -2 + (37 - (38 - 14))?
11
Calculate (-8 - -9 - (9 - 6)) + -8.
-10
What is the value of (-143 - -77) + 67 + (0 - -25)?
26
Evaluate -33 + 20 + -8 - -19.
-2
Calculate 9 + (29 + -2 - 57) + (-2 - 0).
-23
7 + -9 + -16 - -9 - -1
-8
0 - (-1 - 9) - (35 - 47)
22
Calculate (36 - 20) + (-3 + 6 - 4).
15
What is (4 - 6) + 7 - 7 - (-6 + 14)?
-10
Evaluate 0 + (4 - (-8 + 1 + (-77 - -113))).
-25
-1 + 18 - (17 - (26 - (27 - 14)))
13
(32 - 26) + 2 + 4 + 0 + -7
5
What is the value of (3 + -9 - -3) + -10 + (1 - -4)?
-8
0 + -13 + 80 + -70
-3
What is -17 - (-12 + 3 - 6)?
-2
Calculate (-10 + 11 - 8) + 1 - (1 - -3).
-10
(-1 - 3) + 53 + -44 - (-1 + 14)
-8
Evaluate -18 + (1 - 2) - (0 + (3 - 1)).
-21
What is the value of 6 - 8 - (1 - (4 - 8))?
-7
Calculate 1 - -32 - (-2473 + 2541).
-35
What is the value of 28 + -63 + 4 - -22?
-9
Calculate 32 + -42 + (2 - -1) - -28.
21
What is -19 - -1 - (-18 + 26 + -13)?
-13
What is the value of 9 - (15 + 20) - (5 + 0) - -2?
-29
Evaluate 8 - 0 - (-10 - (-12 - (8 + -8))).
6
Evaluate -32 - (-18 + -14 + 4).
-4
Calculate -5 + 10 + (4 - 3 - -5).
11
Evaluate 15 - (25 - (23 - 16)).
-3
What is -40 - -24 - (-23 + 38)?
-31
What is the value of 6 + -2 - 3 - -5 - (-10 + 6)?
10
Calculate -13 - -12 - (2 + 11).
-14
Evaluate 0 - ((5 - (-6 + 4) - -8) + -4).
-11
Calculate -7 + (21 - 11) + -9 + -13.
-19
What is the value of (-22 - (0 + (-3 - 3) + -5)) + -8?
-19
What is the value of (61 - 70) + (10 - (-1 + 4 + -4))?
2
What is (22 - (-4 - -14)) + (-2 - (3 - -30))?
-23
What is the value of (-6 - (-30 + 8)) + (-5 - (2 + -2))?
11
What is the value of -11 - -1 - (-228 - -217)?
1
Calculate 30 + 2 + -18 - 10 - (4 + -2).
2
Evaluate -22 - (7 + -6 + 8 + -5 + -2).
-24
(195 - 186) + -1 + -9 - (1 + -6)
4
What is (4 - -7) + 11 + 0 + (-9 - -4)?
17
Calculate 3 - (28 + -16 + 12).
-21
Evaluate -4 + (5 - -1) + (-3 - (-4 - -4)).
-1
Calculate -18 + 19 - ((0 - 4) + 9).
-4
Evaluate (-35 - -59) + -2 + -11.
11
What is -12 + 5 - (2 + -5 + 17)?
-21
Evaluate 4 - (3 - -10 - (-13 - -17) - 23).
18
(3 - -15) + (14 - 31)
1
What is (-3 - (2 + 3 - 11)) + 0 + 8?
11
What is (1 - -2) + (-9 + -31 - -25)?
-12
Evaluate -5 + 18 + -8 + -5 - -6.
6
What is -28 - (-51 + 8 + 6)?
9
Calculate -9 + 2 + 14 + 24 + -34.
-3
What is 1 + (8 - ((-14 - -14) + -10))?
19
What is -1 - (-25 + 5 + -1 + 0 - 7)?
27
Evaluate 4 + (-9 - -3 - -4) - 15.
-13
0 + 16 + -9 + -7 + 1
1
What is -2 + (-3 + -22 - -25)?
-2
What is -32 + 16 + -28 + 13?
-31
3 - 16 - (-16 + -8)
11
Evaluate 0 - 13 - 3 - -2.
-14
What is the value of (-50 - (-11 - -19)) + 30?
-28
What is 1 + 1 + -6 + (-27 - -43)?
12
Calculate (14 - 36 - -7) + 6.
-9
Evaluate 4 - (10 - (-5 - -9 - -2)).
0
Evaluate (-34 - (13 + -62)) + -3.
12
-16 - (-31 + 19) - ((2 - 4) + 14)
-16
What is the value of (-71 - (5 + -38)) + 34?
-4
Calculate 11 - (23 - (20 - 13)) - -16.
11
What is the value of -13 - (-12 + -13 + 5) - (2 + 28)?
-23
Evaluate (15 - 32 - -3) + 30.
16
What is 102 + -95 - (-6 + 8 - 7)?
12
1 + 6 + (-130 - -123)
0
21 + (2 - (-9 + -4 + 10 + 9))
17
Evaluate -8 + 8 + 7 + -3 + (-11 - -4).
-3
What is 3 + -44 + 18 + 3?
-20
Evaluate -4 - (-13 - -4 - -4 - -1).
0
Calculate (-14 - -39) + -21 + -7 + 0 + 1.
-2
Calculate -22 + -30 - (8 - 22).
-38
Evaluate (-12 - (15 + 5 - 17)) + -12.
-27
What is the value of 14 - 2 - (14 + -28 + 21)?
5
What is the value of -13 - ((-17 - -4 - -6) + 2 + 0)?
-8
Evaluate -18 - 7 - -26 - -27.
28
What is (24 + 2 - (1 + 8)) + 0 + 4?
21
-4 - (-9 + 9 + (1 - 10) + 19)
-14
Evaluate 10 - (-90 + 88 - (1 - 7)).
6
Wha